 when 120 is divided by 29?
4
Calculate the remainder when 4118 is divided by 13.
10
What is the remainder when 508 is divided by 34?
32
What is the remainder when 34382 is divided by 112?
110
Calculate the remainder when 91 is divided by 75.
16
Calculate the remainder when 95 is divided by 17.
10
What is the remainder when 373 is divided by 25?
23
Calculate the remainder when 115 is divided by 62.
53
What is the remainder when 368 is divided by 80?
48
Calculate the remainder when 228 is divided by 211.
17
Calculate the remainder when 81 is divided by 34.
13
Calculate the remainder when 625 is divided by 52.
1
What is the remainder when 270 is divided by 91?
88
What is the remainder when 849 is divided by 50?
49
Calculate the remainder when 477 is divided by 60.
57
What is the remainder when 262 is divided by 16?
6
What is the remainder when 15 is divided by 5?
0
Calculate the remainder when 165 is divided by 57.
51
Calculate the remainder when 2577 is divided by 4.
1
Calculate the remainder when 1085 is divided by 182.
175
Calculate the remainder when 1874 is divided by 126.
110
Calculate the remainder when 444 is divided by 65.
54
Calculate the remainder when 6 is divided by 3.
0
Calculate the remainder when 695 is divided by 20.
15
Calculate the remainder when 1260 is divided by 13.
12
What is the remainder when 320 is divided by 47?
38
What is the remainder when 137 is divided by 129?
8
Calculate the remainder when 10222 is divided by 7.
2
Calculate the remainder when 310 is divided by 85.
55
What is the remainder when 199 is divided by 41?
35
What is the remainder when 857 is divided by 33?
32
What is the remainder when 645 is divided by 19?
18
What is the remainder when 173 is divided by 8?
5
What is the remainder when 575 is divided by 190?
5
What is the remainder when 6288 is divided by 19?
18
What is the remainder when 1566 is divided by 177?
150
What is the remainder when 1358 is divided by 22?
16
What is the remainder when 33521 is divided by 222?
221
What is the remainder when 225 is divided by 117?
108
What is the remainder when 94 is divided by 52?
42
Calculate the remainder when 64 is divided by 35.
29
What is the remainder when 354 is divided by 21?
18
What is the remainder when 417 is divided by 160?
97
What is the remainder when 208 is divided by 44?
32
What is the remainder when 323 is divided by 6?
5
What is the remainder when 304 is divided by 18?
16
What is the remainder when 2485 is divided by 58?
49
What is the remainder when 154 is divided by 32?
26
Calculate the remainder when 500 is divided by 104.
84
What is the remainder when 2035 is divided by 24?
19
What is the remainder when 1175 is divided by 74?
65
What is the remainder when 3484 is divided by 12?
4
Calculate the remainder when 142 is divided by 3.
1
What is the remainder when 1174 is divided by 11?
8
What is the remainder when 375 is divided by 94?
93
Calculate the remainder when 122 is divided by 59.
4
Calculate the remainder when 183 is divided by 37.
35
Calculate the remainder when 252 is divided by 57.
24
What is the remainder when 1033 is divided by 149?
139
What is the remainder when 89 is divided by 3?
2
What is the remainder when 251 is divided by 18?
17
What is the remainder when 5519 is divided by 138?
137
Calculate the remainder when 112 is divided by 28.
0
What is the remainder when 5055 is divided by 64?
63
Calculate the remainder when 996 is divided by 204.
180
What is the remainder when 150 is divided by 69?
12
Calculate the remainder when 100 is divided by 18.
10
Calculate the remainder when 834 is divided by 407.
20
Calculate the remainder when 2367 is divided by 59.
7
What is the remainder when 225 is divided by 95?
35
Calculate the remainder when 1939 is divided by 964.
11
Calculate the remainder when 2808 is divided by 352.
344
Calculate the remainder when 143 is divided by 36.
35
Calculate the remainder when 260 is divided by 183.
77
Calculate the remainder when 242 is divided by 124.
118
Calculate the remainder when 104 is divided by 54.
50
Calculate the remainder when 837 is divided by 105.
102
What is the remainder when 108 is divided by 16?
12
Calculate the remainder when 273 is divided by 47.
38
What is the remainder when 421 is divided by 25?
21
What is the remainder when 273 is divided by 46?
43
Calculate the remainder when 211 is divided by 23.
4
Calculate the remainder when 109 is divided by 14.
11
What is the remainder when 89 is divided by 35?
19
What is the remainder when 4242 is divided by 15?
12
Calculate the remainder when 26 is divided by 3.
2
Calculate the remainder when 431 is divided by 31.
28
What is the remainder when 190 is divided by 186?
4
What is the remainder when 331 is divided by 24?
19
Calculate the remainder when 207 is divided by 53.
48
Calculate the remainder when 31 is divided by 12.
7
Calculate the remainder when 267 is divided by 230.
37
Calculate the remainder when 543 is divided by 193.
157
What is the remainder when 2268 is divided by 49?
14
What is the remainder when 29 is divided by 14?
1
What is the remainder when 2446 is divided by 394?
82
What is the remainder when 3771 is divided by 74?
71
Calculate the remainder when 91 is divided by 28.
7
What is the remainder when 1736 is divided by 25?
11
Calculate the remainder when 1234 is divided by 19.
18
What is the remainder when 84 is divided by 49?
35
What is the remainder when 64 is divided by 36?
28
Calculate the remainder when 373 is divided by 332.
41
What is the remainder when 5734 is divided by 2859?
16
Calculate the remainder when 342 is divided by 181.
161
Calculate the remainder when 117 is divided by 31.
24
Calculate the remainder when 126 is divided by 27.
18
What is the remainder when 11237 is divided by 20?
17
What is the remainder when 251 is divided by 37?
29
What is the remainder when 266 is divided by 25?
16
Calculate the remainder when 202 is divided by 51.
49
Calculate the remainder when 355 is divided by 31.
14
Calculate the remainder when 1805 is divided by 43.
42
Calculate the remainder when 655 is divided by 92.
11
What is the remainder when 279 is divided by 36?
27
Calculate the remainder when 122 is divided by 8.
2
What is the remainder when 226 is divided by 119?
107
What is the remainder when 2129 is divided by 142?
141
What is the remainder when 1685 is divided by 67?
10
Calculate the remainder when 17 is divided by 7.
3
What is the remainder when 303 is divided by 52?
43
Calculate the remainder when 24849 is divided by 109.
106
What is the remainder when 100 is divided by 38?
24
What is the remainder when 2623 is divided by 873?
4
Calculate the remainder when 120 is divided by 32.
24
Calculate the remainder when 490 is divided by 144.
58
What is the remainder when 14839 is divided by 291?
289
Calculate the remainder when 163 is divided by 29.
18
What is the remainder when 536 is divided by 138?
122
What is the remainder when 494 is divided by 3?
2
Calculate the remainder when 1059 is divided by 20.
19
Calculate the remainder when 184 is divided by 27.
22
What is the remainder when 84 is divided by 44?
40
Calculate the remainder when 165 is divided by 42.
39
Calculate the remainder when 258 is divided by 22.
16
Calculate the remainder when 367 is divided by 90.
7
What is the remainder when 44 is divided by 34?
10
What is the remainder when 123 is divided by 13?
6
What is the remainder when 727 is divided by 727?
0
Calculate the remainder when 1731 is divided by 51.
48
What is the remainder when 4558 is divided by 240?
238
What is the remainder when 1617 is divided by 10?
7
What is the remainder when 314 is divided by 15?
14
Calculate the remainder when 157 is divided by 5.
2
What is the remainder when 476 is divided by 13?
8
Calculate the remainder when 1146 is divided by 226.
16
Calculate the remainder when 891 is divided by 15.
6
What is the remainder when 137 is divided by 14?
11
What is the remainder when 2156 is divided by 19?
9
What is the remainder when 1639 is divided by 164?
163
Calculate the remainder when 15102 is divided by 13.
9
What is the remainder when 3198 is divided by 319?
8
Calculate the remainder when 577 is divided by 83.
79
Calculate the remainder when 614 is divided by 600.
14
Calculate the rem